{"id":609,"date":"2025-05-16T16:45:46","date_gmt":"2025-05-16T16:45:46","guid":{"rendered":"https:\/\/ferragenspereira.pt\/?product=8196523"},"modified":"2025-05-20T11:09:22","modified_gmt":"2025-05-20T11:09:22","slug":"8196523","status":"publish","type":"product","link":"https:\/\/ferragenspereira.pt\/?product=8196523","title":{"rendered":"BASE BALDE DO LIXO RECYCLE M45 386&#215;482 ANTRACITE"},"content":{"rendered":"<p><strong data-start=\"519\" data-end=\"548\">Caracter\u00edsticas T\u00e9cnicas:<\/strong><\/p>\n<p class=\"\" data-start=\"551\" data-end=\"576\"><strong data-start=\"551\" data-end=\"562\">Modelo:<\/strong> Recycle M45<\/p>\n<p class=\"\" data-start=\"579\" data-end=\"604\"><strong data-start=\"579\" data-end=\"594\">Refer\u00eancia:<\/strong> 8196523<\/p>\n<p class=\"\" data-start=\"607\" data-end=\"664\"><strong data-start=\"607\" data-end=\"621\">Dimens\u00f5es:<\/strong> 386 mm (largura) x 482 mm (profundidade)<\/p>\n<p class=\"\" data-start=\"667\" data-end=\"753\"><strong data-start=\"667\" data-end=\"675\">Cor:<\/strong> Antracite \u2013 tom moderno e neutro que combina com qualquer estilo de cozinha<\/p>\n<p class=\"\" data-start=\"756\" data-end=\"829\"><strong data-start=\"756\" data-end=\"776\">Compatibilidade:<\/strong> Ideal para gavetas de cozinha com largura de 45 cm<\/p>\n<p class=\"\" data-start=\"832\" data-end=\"914\"><strong data-start=\"832\" data-end=\"858\">Material da estrutura:<\/strong> Pl\u00e1stico e\/ou metal resistente com acabamento dur\u00e1vel<\/p>\n<p class=\"\" data-start=\"917\" data-end=\"1013\"><strong data-start=\"917\" data-end=\"932\">Utiliza\u00e7\u00e3o:<\/strong> Suporte base para instala\u00e7\u00e3o de baldes de lixo (baldes vendidos separadamente)<\/p>\n<p class=\"\" data-start=\"1016\" data-end=\"1124\"><strong data-start=\"1016\" data-end=\"1036\">Sistema modular:<\/strong> Permite configurar diferentes combina\u00e7\u00f5es de baldes para separa\u00e7\u00e3o seletiva de res\u00edduos<\/p>\n<p><strong data-start=\"1131\" data-end=\"1145\">Vantagens:<\/strong><\/p>\n<p class=\"\" data-start=\"1148\" data-end=\"1205\">Aproveitamento inteligente do espa\u00e7o em gavetas estreitas<\/p>\n<p class=\"\" data-start=\"1208\" data-end=\"1261\">Promove h\u00e1bitos de reciclagem com organiza\u00e7\u00e3o pr\u00e1tica<\/p>\n<p class=\"\" data-start=\"1264\" data-end=\"1315\">Design discreto e elegante que mant\u00e9m o lixo oculto<\/p>\n<p class=\"\" data-start=\"1318\" data-end=\"1342\">F\u00e1cil de limpar e manter<\/p>\n","protected":false},"excerpt":{"rendered":"<p><strong data-start=\"181\" data-end=\"260\">Base para Balde do Lixo Recycle M45 \u2013 386&#215;482 mm \u2013 Antracite\u00a0<\/strong><\/p>\n<p>Organize o interior da sua cozinha com praticidade e eleg\u00e2ncia com a <strong data-start=\"331\" data-end=\"351\">Base Recycle M45<\/strong>. Concebida para m\u00f3dulos de 45 cm, esta base \u00e9 a solu\u00e7\u00e3o perfeita para instalar baldes de lixo e facilitar a separa\u00e7\u00e3o de res\u00edduos de forma eficiente e discreta.<\/p>\n","protected":false},"featured_media":705,"template":"","meta":{"iawp_total_views":0},"product_cat":[39,37],"product_tag":[],"class_list":{"0":"post-609","1":"product","2":"type-product","3":"status-publish","4":"has-post-thumbnail","6":"product_cat-lixo-gavetao","7":"product_cat-baldes-do-lixo","9":"first","10":"instock","11":"taxable","12":"shipping-taxable","13":"purchasable","14":"product-type-simple","15":"berocket_lgv_grid","16":"berocket_lgv_list_grid"},"yoast_head":"<!-- This site is optimized with the Yoast SEO plugin v22.5 - https:\/\/yoast.com\/wordpress\/plugins\/seo\/ -->\n<title>BASE BALDE DO LIXO RECYCLE M45 386x482 ANTRACITE -<\/title>\n<meta name=\"robots\" content=\"index, follow, max-snippet:-1, max-image-preview:large, max-video-preview:-1\" \/>\n<link rel=\"canonical\" href=\"https:\/\/ferragenspereira.pt\/?product=8196523\" \/>\n<meta property=\"og:locale\" content=\"pt_PT\" \/>\n<meta property=\"og:type\" content=\"article\" \/>\n<meta property=\"og:title\" content=\"BASE BALDE DO LIXO RECYCLE M45 386x482 ANTRACITE -\" \/>\n<meta property=\"og:description\" content=\"Base para Balde do Lixo Recycle M45 \u2013 386x482 mm \u2013 Antracite\u00a0  Organize o interior da sua cozinha com praticidade e eleg\u00e2ncia com a Base Recycle M45. Concebida para m\u00f3dulos de 45 cm, esta base \u00e9 a solu\u00e7\u00e3o perfeita para instalar baldes de lixo e facilitar a separa\u00e7\u00e3o de res\u00edduos de forma eficiente e discreta.\" \/>\n<meta property=\"og:url\" content=\"https:\/\/ferragenspereira.pt\/?product=8196523\" \/>\n<meta property=\"article:modified_time\" content=\"2025-05-20T11:09:22+00:00\" \/>\n<meta property=\"og:image\" content=\"https:\/\/ferragenspereira.pt\/wp-content\/uploads\/2025\/05\/8196523.png\" \/>\n\t<meta property=\"og:image:width\" content=\"541\" \/>\n\t<meta property=\"og:image:height\" content=\"286\" \/>\n\t<meta property=\"og:image:type\" content=\"image\/png\" \/>\n<meta name=\"twitter:card\" content=\"summary_large_image\" \/>\n<meta name=\"twitter:label1\" content=\"Tempo estimado de leitura\" \/>\n\t<meta name=\"twitter:data1\" content=\"1 minuto\" \/>\n<script type=\"application\/ld+json\" class=\"yoast-schema-graph\">{\"@context\":\"https:\/\/schema.org\",\"@graph\":[{\"@type\":\"WebPage\",\"@id\":\"https:\/\/ferragenspereira.pt\/?product=8196523\",\"url\":\"https:\/\/ferragenspereira.pt\/?product=8196523\",\"name\":\"BASE BALDE DO LIXO RECYCLE M45 386x482 ANTRACITE -\",\"isPartOf\":{\"@id\":\"https:\/\/ferragenspereira.pt\/#website\"},\"primaryImageOfPage\":{\"@id\":\"https:\/\/ferragenspereira.pt\/?product=8196523#primaryimage\"},\"image\":{\"@id\":\"https:\/\/ferragenspereira.pt\/?product=8196523#primaryimage\"},\"thumbnailUrl\":\"https:\/\/ferragenspereira.pt\/wp-content\/uploads\/2025\/05\/8196523.png\",\"datePublished\":\"2025-05-16T16:45:46+00:00\",\"dateModified\":\"2025-05-20T11:09:22+00:00\",\"breadcrumb\":{\"@id\":\"https:\/\/ferragenspereira.pt\/?product=8196523#breadcrumb\"},\"inLanguage\":\"pt-PT\",\"potentialAction\":[{\"@type\":\"ReadAction\",\"target\":[\"https:\/\/ferragenspereira.pt\/?product=8196523\"]}]},{\"@type\":\"ImageObject\",\"inLanguage\":\"pt-PT\",\"@id\":\"https:\/\/ferragenspereira.pt\/?product=8196523#primaryimage\",\"url\":\"https:\/\/ferragenspereira.pt\/wp-content\/uploads\/2025\/05\/8196523.png\",\"contentUrl\":\"https:\/\/ferragenspereira.pt\/wp-content\/uploads\/2025\/05\/8196523.png\",\"width\":541,\"height\":286},{\"@type\":\"BreadcrumbList\",\"@id\":\"https:\/\/ferragenspereira.pt\/?product=8196523#breadcrumb\",\"itemListElement\":[{\"@type\":\"ListItem\",\"position\":1,\"name\":\"In\u00edcio\",\"item\":\"https:\/\/ferragenspereira.pt\/\"},{\"@type\":\"ListItem\",\"position\":2,\"name\":\"Loja\",\"item\":\"https:\/\/ferragenspereira.pt\/?page_id=42\"},{\"@type\":\"ListItem\",\"position\":3,\"name\":\"BASE BALDE DO LIXO RECYCLE M45 386&#215;482 ANTRACITE\"}]},{\"@type\":\"WebSite\",\"@id\":\"https:\/\/ferragenspereira.pt\/#website\",\"url\":\"https:\/\/ferragenspereira.pt\/\",\"name\":\"Ferragens Pereira Lda\",\"description\":\"\",\"publisher\":{\"@id\":\"https:\/\/ferragenspereira.pt\/#organization\"},\"potentialAction\":[{\"@type\":\"SearchAction\",\"target\":{\"@type\":\"EntryPoint\",\"urlTemplate\":\"https:\/\/ferragenspereira.pt\/?s={search_term_string}\"},\"query-input\":\"required name=search_term_string\"}],\"inLanguage\":\"pt-PT\"},{\"@type\":\"Organization\",\"@id\":\"https:\/\/ferragenspereira.pt\/#organization\",\"name\":\"Ferragens Pereira Lda\",\"url\":\"https:\/\/ferragenspereira.pt\/\",\"logo\":{\"@type\":\"ImageObject\",\"inLanguage\":\"pt-PT\",\"@id\":\"https:\/\/ferragenspereira.pt\/#\/schema\/logo\/image\/\",\"url\":\"https:\/\/ferragenspereira.pt\/wp-content\/uploads\/2024\/04\/cropped-Logo.jpg\",\"contentUrl\":\"https:\/\/ferragenspereira.pt\/wp-content\/uploads\/2024\/04\/cropped-Logo.jpg\",\"width\":898,\"height\":817,\"caption\":\"Ferragens Pereira Lda\"},\"image\":{\"@id\":\"https:\/\/ferragenspereira.pt\/#\/schema\/logo\/image\/\"}}]}<\/script>\n<!-- \/ Yoast SEO plugin. -->","yoast_head_json":{"title":"BASE BALDE DO LIXO RECYCLE M45 386x482 ANTRACITE -","robots":{"index":"index","follow":"follow","max-snippet":"max-snippet:-1","max-image-preview":"max-image-preview:large","max-video-preview":"max-video-preview:-1"},"canonical":"https:\/\/ferragenspereira.pt\/?product=8196523","og_locale":"pt_PT","og_type":"article","og_title":"BASE BALDE DO LIXO RECYCLE M45 386x482 ANTRACITE -","og_description":"Base para Balde do Lixo Recycle M45 \u2013 386x482 mm \u2013 Antracite\u00a0  Organize o interior da sua cozinha com praticidade e eleg\u00e2ncia com a Base Recycle M45. Concebida para m\u00f3dulos de 45 cm, esta base \u00e9 a solu\u00e7\u00e3o perfeita para instalar baldes de lixo e facilitar a separa\u00e7\u00e3o de res\u00edduos de forma eficiente e discreta.","og_url":"https:\/\/ferragenspereira.pt\/?product=8196523","article_modified_time":"2025-05-20T11:09:22+00:00","og_image":[{"width":541,"height":286,"url":"https:\/\/ferragenspereira.pt\/wp-content\/uploads\/2025\/05\/8196523.png","type":"image\/png"}],"twitter_card":"summary_large_image","twitter_misc":{"Tempo estimado de leitura":"1 minuto"},"schema":{"@context":"https:\/\/schema.org","@graph":[{"@type":"WebPage","@id":"https:\/\/ferragenspereira.pt\/?product=8196523","url":"https:\/\/ferragenspereira.pt\/?product=8196523","name":"BASE BALDE DO LIXO RECYCLE M45 386x482 ANTRACITE -","isPartOf":{"@id":"https:\/\/ferragenspereira.pt\/#website"},"primaryImageOfPage":{"@id":"https:\/\/ferragenspereira.pt\/?product=8196523#primaryimage"},"image":{"@id":"https:\/\/ferragenspereira.pt\/?product=8196523#primaryimage"},"thumbnailUrl":"https:\/\/ferragenspereira.pt\/wp-content\/uploads\/2025\/05\/8196523.png","datePublished":"2025-05-16T16:45:46+00:00","dateModified":"2025-05-20T11:09:22+00:00","breadcrumb":{"@id":"https:\/\/ferragenspereira.pt\/?product=8196523#breadcrumb"},"inLanguage":"pt-PT","potentialAction":[{"@type":"ReadAction","target":["https:\/\/ferragenspereira.pt\/?product=8196523"]}]},{"@type":"ImageObject","inLanguage":"pt-PT","@id":"https:\/\/ferragenspereira.pt\/?product=8196523#primaryimage","url":"https:\/\/ferragenspereira.pt\/wp-content\/uploads\/2025\/05\/8196523.png","contentUrl":"https:\/\/ferragenspereira.pt\/wp-content\/uploads\/2025\/05\/8196523.png","width":541,"height":286},{"@type":"BreadcrumbList","@id":"https:\/\/ferragenspereira.pt\/?product=8196523#breadcrumb","itemListElement":[{"@type":"ListItem","position":1,"name":"In\u00edcio","item":"https:\/\/ferragenspereira.pt\/"},{"@type":"ListItem","position":2,"name":"Loja","item":"https:\/\/ferragenspereira.pt\/?page_id=42"},{"@type":"ListItem","position":3,"name":"BASE BALDE DO LIXO RECYCLE M45 386&#215;482 ANTRACITE"}]},{"@type":"WebSite","@id":"https:\/\/ferragenspereira.pt\/#website","url":"https:\/\/ferragenspereira.pt\/","name":"Ferragens Pereira Lda","description":"","publisher":{"@id":"https:\/\/ferragenspereira.pt\/#organization"},"potentialAction":[{"@type":"SearchAction","target":{"@type":"EntryPoint","urlTemplate":"https:\/\/ferragenspereira.pt\/?s={search_term_string}"},"query-input":"required name=search_term_string"}],"inLanguage":"pt-PT"},{"@type":"Organization","@id":"https:\/\/ferragenspereira.pt\/#organization","name":"Ferragens Pereira Lda","url":"https:\/\/ferragenspereira.pt\/","logo":{"@type":"ImageObject","inLanguage":"pt-PT","@id":"https:\/\/ferragenspereira.pt\/#\/schema\/logo\/image\/","url":"https:\/\/ferragenspereira.pt\/wp-content\/uploads\/2024\/04\/cropped-Logo.jpg","contentUrl":"https:\/\/ferragenspereira.pt\/wp-content\/uploads\/2024\/04\/cropped-Logo.jpg","width":898,"height":817,"caption":"Ferragens Pereira Lda"},"image":{"@id":"https:\/\/ferragenspereira.pt\/#\/schema\/logo\/image\/"}}]}},"_links":{"self":[{"href":"https:\/\/ferragenspereira.pt\/index.php?rest_route=\/wp\/v2\/product\/609","targetHints":{"allow":["GET"]}}],"collection":[{"href":"https:\/\/ferragenspereira.pt\/index.php?rest_route=\/wp\/v2\/product"}],"about":[{"href":"https:\/\/ferragenspereira.pt\/index.php?rest_route=\/wp\/v2\/types\/product"}],"wp:featuredmedia":[{"embeddable":true,"href":"https:\/\/ferragenspereira.pt\/index.php?rest_route=\/wp\/v2\/media\/705"}],"wp:attachment":[{"href":"https:\/\/ferragenspereira.pt\/index.php?rest_route=%2Fwp%2Fv2%2Fmedia&parent=609"}],"wp:term":[{"taxonomy":"product_cat","embeddable":true,"href":"https:\/\/ferragenspereira.pt\/index.php?rest_route=%2Fwp%2Fv2%2Fproduct_cat&post=609"},{"taxonomy":"product_tag","embeddable":true,"href":"https:\/\/ferragenspereira.pt\/index.php?rest_route=%2Fwp%2Fv2%2Fproduct_tag&post=609"}],"curies":[{"name":"wp","href":"https:\/\/api.w.org\/{rel}","templated":true}]}}